70. Let m = s - -87. What are the prime factors of m?
193
Let t(o) = 18*o - 65. Suppose 5*b + 28 = 7*b. What are the prime factors of t(b)?
11, 17
Let r(j) = -j**2 - 9*j - 11. Let x(g) = -g**2 + 1. Let c(s) = -r(s) + 2*x(s). Let p be c(10). What are the prime factors of (p/3 + -2)*(-8 - 85)?
3, 31
Let m(a) be the second derivative of -239*a**3/6 - 17*a**2 + 128*a. What are the prime factors of m(-5)?
3, 43
Let d(r) = 10*r + 30. Let k be d(-8). Let z(o) = o + 77. Let t be z(0). Let a = k + t. List the prime factors of a.
3
Let b(t) be the second derivative of 21*t**3 + 95*t**2/2 - 2*t + 29. List the prime factors of b(4).
599
Suppose -4*l + 68622 + 8867 + 5287 = 0. What are the prime factors of l?
2, 3, 3449
Let p = 22420 + -8407. List the prime factors of p.
3, 173
Let p = 694 + -234. Let f be (16/12 + (1 - 4))*45/(-25). Suppose z + 4*u = 158, -u - u - p = -f*z. List the prime factors of z.
2, 7, 11
Let x(n) = 67*n**2 - 139*n - 15. List the prime factors of x(-10).
5, 17, 19
Suppose 5*d + z - 6*z = -95, 0 = -2*z + 2. Let y(f) = f**2 + 16*f + 25. Let h be y(d). Let u = h + -30. List the prime factors of u.
31
Let u(p) = 417*p**2 - 177*p + 225. Let k(q) = 26*q**2 - 11*q + 14. Let d(y) = 33*k(y) - 2*u(y). List the prime factors of d(-5).
3, 73
Suppose 32*b - 5590 = 22*b. Suppose 2*k - b = 793. What are the prime factors of k?
2, 13
Let a = -165 + -1480. List the prime factors of (27/15)/((-21)/a).
3, 47
List the prime factors of -24*(559/39 - 14)*(1 + -1685).
2, 421
Let n(c) = -4*c + 11. Let f(x) = 1 + 178*x - 175*x - 11. Let l(r) = -3*f(r) - 2*n(r). List the prime factors of l(-3).
11
Suppose 0 = 8*k - 7*k - 4*q - 5538, -k - 2*q = -5538. List the prime factors of k.
2, 3, 13, 71
Suppose r = -0 + 3. Suppose -4*v = r*k - v - 1896, 0 = 5*k + 2*v - 3175. What are the prime factors of k?
7, 13
Let t = -240 + 248. Suppose t*o - 319 - 4025 = 0. What are the prime factors of o?
3, 181
Suppose 61972 = 6*t - 37524 + 21028. What are the prime factors of t?
2, 13, 503
Let c(g) = g**3 + 13*g**2 + 115*g. What are the prime factors of c(31)?
3, 17, 29, 31
Let w = -142 + 143. Let v(k) = 709*k - 1. List the prime factors of v(w).
2, 3, 59
Suppose 9*q + 36 = 15*q. What are the prime factors of (-7)/((-105)/(-10))*(-1359)/q?
151
Let v = -165 + 610. Let h = v - 273. What are the prime factors of h?
2, 43
Let j be 5/(-25)*-5*-35. Let t = -6 - j. List the prime factors of (t/(-2))/((-1)/6).
3, 29
Suppose -8*f = 8*f - 3*f - 368147. List the prime factors of f.
28319
Suppose 2*i = 3*r - 30 - 12, -i - 3 = 0. Let k be (54/r)/((-44)/(-16) - 2). Suppose -k*a + 12*a = 1224. List the prime factors of a.
2, 3, 17
Let b(d) = -272*d - 427. List the prime factors of b(-43).
59, 191
Let c = 18242 + -13272. List the prime factors of c.
2, 5, 7, 71
Suppose 691 = -2*j + 3*j + 4*g, -4*j - 3*g + 2803 = 0. Let s be (-48)/(-112) + j/(-7). Let a = s + 181. What are the prime factors of a?
3
Suppose -12*j + 15*j - 824280 = -27*j. What are the prime factors of j?
2, 6869
Suppose 2*h + 34660 = -3*t + 96245, 4*t - 3*h = 82136. What are the prime factors of t?
7, 419
Suppose -106*m + 1250324 = -77*m - 74135. What are the prime factors of m?
109, 419
Suppose 0 = -3*y + 5*c - 19, 0*y = -y - c + 7. Suppose 2*i - 4*g = i - 17, y*g = -2*i + 6. List the prime factors of i + 3 + 5 + 97.
2, 13
Suppose 2*m + 16*l - 18*l - 1476 = 0, -4*l + 16 = 0. What are the prime factors of m?
2, 7, 53
Let h = 37 + 0. Suppose -31*o = -h*o + 1842. Let x = o - 204. List the prime factors of x.
103
Let w be 7*-7*14/(-343). Let o(f) = 93*f**2 - 18*f + 31. List the prime factors of o(w).
367
Suppose -31614 = -2*g - 4*u, 47475 + 31560 = 5*g + u. List the prime factors of g.
3, 11, 479
Suppose 2*o - 5*j = -22, 0 = 2*o + j + 5 + 17. Let f(v) = 10*v + 8. Let x be f(o). Let h = -56 - x. What are the prime factors of h?
2, 23
Suppose 2*t = -5*w + 9937, 14928 = 41*t - 38*t + 3*w. List the prime factors of t.
17, 293
Suppose k = -0*k + 3. Suppose 3*l = k*f + 972, -f = l + 4*l - 1620. Suppose -v = -5, -5*y = 2*v - 96 - l. List the prime factors of y.
2, 41
Suppose 89*t - 33 = 86*t. Suppose w - 86 = -4*k - t, -3*w = -9. What are the prime factors of k?
2, 3
Suppose -3*v + 6*j + 4474 = 11*j, -4*j + 5984 = 4*v. List the prime factors of v.
3, 167
Let i(j) = -j**3 + 2*j**2 + 7. Let v be i(3). Let r be v + (-19)/(-4) + (-3)/4. Suppose 246 = r*w - 116. What are the prime factors of w?
181
Let w = -1382 + 10414. What are the prime factors of w?
2, 1129
Suppose 18 = 8*j - 7*j. Let l = j - 12. Let c(v) = 9*v + 21. What are the prime factors of c(l)?
3, 5
Let s = -54 + 6061. List the prime factors of s.
6007
Suppose -14235 = -3*h + 2*v, -5*h - 4*v - 18984 = -9*h. List the prime factors of h.
3, 17, 31
Suppose -4*g - 2*b = -1604, 2*g - 5*b = 5*g - 1217. Suppose -1199 = -3*t + 4*r, t + r - 2*r - g = 0. List the prime factors of t.
397
Let f(o) = o**3 + 13*o**2 + 22*o + 1. Let k be f(-11). Suppose 0 = -5*t - 21 + k. List the prime factors of 120/9*(-30)/t.
2, 5
Suppose -5*l + 62 + 8 = 0. Suppose 7*v = l*v - 105. Suppose 273 = -12*h + v*h. List the prime factors of h.
7, 13
Suppose 388*b - 224*b - 1256240 = 0. What are the prime factors of b?
2, 5, 383
Suppose 20 = 3*o - 2*r, -o - 9*r + 11 = -14*r. Suppose -o*s + 4244 - 446 = 0. List the prime factors of s.
3, 211
Let l = -16 - 73. Let y = 9 - l. List the prime factors of y.
2, 7
Let o = 6 + 14. Suppose 0 = -k + 6 - 2, -u = k - o. What are the prime factors of (u/(-6))/(10/(-465)) + 1?
5
Suppose c - 454 = d, -2*d - 905 = -6*c + c. Let q = d - -727. Let h = q + -192. What are the prime factors of h?
2, 5
Let c(s) = 39*s**2 - 105*s + 300. List the prime factors of c(-23).
2, 3, 1297
Suppose 12*c = 10*c + 16. Let a be ((-128)/12)/(c/(-36)). What are the prime factors of (a + 1)/(4 + -3)?
7
Let s = -103 - -101. List the prime factors of (5/3 + s)/(46/(-24978)).
181
Suppose 3*i - 118 - 191 = 0. Suppose 7*f - 1146 = -i. List the prime factors of f.
149
Let w = 843 + 11563. What are the prime factors of w?
2, 6203
Let v(m) = -m**2 - 42*m - 24. Let h be v(-14). Suppose 5*z + h = -3*r + 2179, r + 4*z - 592 = 0. What are the prime factors of r?
2, 3, 17
Let w(x) = 2*x**3 + x**2 + 4. Let z be w(0). Suppose -5502 = -z*o - 17*o. List the prime factors of o.
2, 131
Let w = -606 + 572. Let k(f) = -f**3 - 32*f**2 + 11*f - 30. What are the prime factors of k(w)?
2, 3, 53
What are the prime factors of (27346/(-6))/(410/60 - 7)?
2, 11, 113
Let z(i) = 2*i**2 - i - 13. Let t be z(7). Let o(b) = -5*b**2 - 3*b + 6. Let h be o(3). Let g = h + t. List the prime factors of g.
2, 3, 5
Let c be (-3)/2*4/(-3). Suppose w = -c*w + 5712. Suppose -6*b + w = b. What are the prime factors of b?
2, 17
Let x(j) = 5*j**3 - 3*j**2 - 123*j - 53. What are the prime factors of x(14)?
41, 277
Let u = 2384 + -1697. Let f = 214 + u. What are the prime factors of f?
17, 53
Let r(w) = -9*w + 8. Suppose 3*u + 840 = -7*u. Let b = 76 + u. List the prime factors of r(b).
2, 5
Let i(q) = -q**3 - 9*q**2 - 11*q - 3. Let b be i(-6). Let r = 90 + b. Suppose a - 2*a = -r. What are the prime factors of a?
3, 5
Let w(y) = -4*y**2 - 10*y + 7. Let g(x) = -3*x**2 - 9*x + 6. Let o(n) = -5*g(n) + 4*w(n). Let d(i) = 4*i - 1. Let m be d(1). What are the prime factors of o(m)?
2
Suppose 10*j - 122875 = -7*j + 22271. List the prime factors of j.
2, 3, 1423
Suppose 0*i = -5*i + 20. Let z(y) = -16*y**3 - 7*y + 6. Let b(n) = 49*n**3 + 20*n - 17. Let f(l) = i*b(l) + 11*z(l). What are the prime factors of f(1)?
3, 7
Let n be 79/(-2) + 35/(-70). What are the prime factors of -609*1/(24/n)?
5, 7, 29
Let h(j) = 2226*j**3 - 6*j**2 + 8*j + 4. List the prime factors of h(2).
2, 4451
Let s be (1*-58)/(17/(-340)). Suppose -4*t + 420 = s. Let d = t - -262. List the prime factors of d.
7, 11
Suppose -k + 1 = -1. Suppose 7*r + 3*h = 6*r + 714, -5*r - k*h = -3557. List the prime factors of r.
3, 79
Let x be 14490/46 + (-1 + 5)/(-2). Suppose -x = -3*b + 488. What are the prime factors of b?
3, 89
Suppose -15 - 5 = -2*x. Let h be 1076/x + 16/40. Suppose 2*q - 4*w - 120 = 0, -h = -2*q + 5*w - 4*w. What are the prime factors of q?
2, 13
Suppose -2*b + 57 = 5*q, -q - 2 = -3. What are the prime factors of 4/b + 20198/26?
3, 7, 37
Suppose j + 44*b - 44175 = -2*j + 39*b, b = 0. W